{"id":2462,"date":"2017-09-26T16:38:39","date_gmt":"2017-09-26T16:38:39","guid":{"rendered":"http:\/\/petak9.com.mx\/?page_id=2462"},"modified":"2023-08-15T22:33:51","modified_gmt":"2023-08-15T22:33:51","slug":"homepage-cctv","status":"publish","type":"page","link":"https:\/\/petak9.com.mx\/","title":{"rendered":"Inicio"},"content":{"rendered":"<section class=\"wpb-content-wrapper\"><p>[vc_row full_width=&#8221;stretch_row_content_no_spaces&#8221; text_align=&#8221;center&#8221;][vc_column]<div class=\"slider-zoom  zoom-out zoom-color-white zoom-align-center zoom-style-default overlay-plain bullets-true\" id=\"like_sc_zoom_slider_1483777171\" data-zs-prev=\"prev\" data-zs-next=\"next\" data-zs-overlay=\"plain\" data-zs-initzoom=\"1.0\" data-zs-speed=\"20000\" data-zs-interval=\"4500\" data-zs-switchSpeed=\"7000\" data-zs-arrows=\"false\" data-zs-bullets=\"true\" data-zs-src='[&#34;https:\\\/\\\/petak9.com.mx\\\/wp-content\\\/uploads\\\/2022\\\/12\\\/PETA-K9-BANNER-15.jpg&#34;,&#34;https:\\\/\\\/petak9.com.mx\\\/wp-content\\\/uploads\\\/2022\\\/12\\\/PETA-K9-BANNER-3.jpg&#34;,&#34;https:\\\/\\\/petak9.com.mx\\\/wp-content\\\/uploads\\\/2022\\\/12\\\/PETA-K9-BANNER-9.jpg&#34;]' data-zs-src2=''>\r\n\t<div class=\"container\">\r\n\t\t<div class=\"slider-inner\">\r\n\t\t\t<div class=\"es-resp\">\t<div class=\"hidden-xl hidden-md hidden-sm hidden-ms hidden-xs\" style=\"height: 250px;\"><\/div>\t<div class=\"visible-md\" style=\"height: 250px;\"><\/div>\t<div class=\"visible-sm \" style=\"height: 250px;\"><\/div>\t<div class=\"visible-ms\" style=\"height: 250px;\"><\/div>\t<div class=\"visible-xs\" style=\"height: 250px;\"><\/div><\/div>[vc_column_text][\/vc_column_text][vc_column_text el_class=&#8221;slider-vertical&#8221;]<\/p>\n<p style=\"text-align: left;\"><strong>CRIANZA SELECTIVA, <span class=\"color-main\">REGISTRO INTERNACIONAL<\/span><\/strong><\/p>\n<p>[\/vc_column_text]<div class=\"es-resp\">\t<div class=\"hidden-xl hidden-md hidden-sm hidden-ms hidden-xs\" style=\"height: 80px;\"><\/div>\t<div class=\"visible-md\" style=\"height: 80px;\"><\/div>\t<div class=\"visible-sm \" style=\"height: 80px;\"><\/div>\t<div class=\"visible-ms\" style=\"height: 80px;\"><\/div>\t<div class=\"visible-xs\" style=\"height: 80px;\"><\/div><\/div><div class=\"ltx-content-width col-align-center\" style=\"max-width: 460px\">[vc_column_text][\/vc_column_text]<div class=\"es-resp\">\t<div class=\"hidden-xl hidden-md hidden-sm hidden-ms hidden-xs\" style=\"height: 22px\"><\/div>\t<div class=\"visible-md\" style=\"height: 22px\"><\/div>\t<div class=\"visible-sm \" style=\"height: 22px\"><\/div>\t<div class=\"visible-ms\" style=\"height: 22px\"><\/div>\t<div class=\"visible-xs\" style=\"height: 22px\"><\/div><\/div><div class=\"btn-wrap align-center\"><a href=\"\" class=\"btn  btn-lg btn-black transform-default color-hover-default align-center\" id=\"like_sc_button_1060940023\">Ver m\u00e1s<span class=\"fa fa-arrow-right\"><\/span><\/a><\/div><\/div><div class=\"es-resp\">\t<div class=\"hidden-xl hidden-md hidden-sm hidden-ms hidden-xs\" style=\"height: 40px;\"><\/div>\t<div class=\"visible-md\" style=\"height: 40px;\"><\/div>\t<div class=\"visible-sm \" style=\"height: 40px;\"><\/div>\t<div class=\"visible-ms\" style=\"height: 0px;\"><\/div>\t<div class=\"visible-xs\" style=\"height: 0px;\"><\/div><\/div>\r\n\t\t<\/div>\r\n\t<\/div>\r\n<\/div>[vc_empty_space][\/vc_column][\/vc_row][vc_section bg_color_select=&#8221;white&#8221; text_align=&#8221;center&#8221; theme_section=&#8221;slider-icons&#8221;][vc_row][vc_column width=&#8221;1\/5&#8243;][vc_single_image image=&#8221;4370&#8243; alignment=&#8221;center&#8221; img_shadow=&#8221;none&#8221;][vc_column_text]<\/p>\n<p style=\"text-align: center;\"><a href=\"https:\/\/petak9.com.mx\/?services=itercon-systems\"><strong>Nuestros servicios<\/strong><\/a><\/p>\n<p>[\/vc_column_text][\/vc_column][vc_column width=&#8221;1\/5&#8243;][vc_single_image image=&#8221;4371&#8243; alignment=&#8221;center&#8221; img_shadow=&#8221;none&#8221;][vc_column_text]<\/p>\n<p style=\"text-align: center;\"><a href=\"https:\/\/petak9.com.mx\/?services=cctv-2\"><strong>Venta de perros de seguridad<\/strong><\/a><\/p>\n<p>\u00a0[\/vc_column_text][\/vc_column][vc_column width=&#8221;1\/5&#8243;][vc_single_image image=&#8221;4373&#8243; alignment=&#8221;center&#8221; img_shadow=&#8221;none&#8221;][vc_column_text]<\/p>\n<p style=\"text-align: center;\"><a href=\"https:\/\/petak9.com.mx\/?services=ip-camera-systems\"><strong>Adiestramiento<\/strong><\/a><\/p>\n<p>[\/vc_column_text][\/vc_column][vc_column width=&#8221;1\/5&#8243;][vc_single_image image=&#8221;4374&#8243; alignment=&#8221;center&#8221; img_shadow=&#8221;none&#8221;][vc_column_text]<\/p>\n<p style=\"text-align: center;\"><a href=\"https:\/\/petak9.com.mx\/?services=access-control\"><strong>Cursos<\/strong><\/a><\/p>\n<p>[\/vc_column_text][\/vc_column][vc_column width=&#8221;1\/5&#8243;][vc_single_image image=&#8221;4375&#8243; alignment=&#8221;center&#8221; img_shadow=&#8221;none&#8221;][vc_column_text]<\/p>\n<p style=\"text-align: center;\"><a href=\"https:\/\/petak9.com.mx\/?services=alarm-signaling\"><strong>Certificaciones<\/strong><\/a><\/p>\n<p>[\/vc_column_text][\/vc_column][\/vc_row][\/vc_section][vc_section][vc_row][vc_column]<div class=\"es-resp\">\t<div class=\"hidden-xl hidden-md hidden-sm hidden-ms hidden-xs\" style=\"height: 64px;\"><\/div>\t<div class=\"visible-md\" style=\"height: 64px;\"><\/div>\t<div class=\"visible-sm \" style=\"height: 64px;\"><\/div>\t<div class=\"visible-ms\" style=\"height: 64px;\"><\/div>\t<div class=\"visible-xs\" style=\"height: 64px;\"><\/div><\/div>[\/vc_column][\/vc_row][vc_row][vc_column width=&#8221;1\/2&#8243; text_align=&#8221;center-ms&#8221;]<div class=\"heading  default color-main subcolor-main transform-header-up   vc_custom_1672174709664 heading-tag-h6\" id=\"like_sc_header_1942439876\"><h6 class=\"header\">NOSOTROS<\/h6><\/div><div class=\"heading  header-inline color-black subcolor-main transform-default   vc_custom_1672174890408 heading-tag-h2\" id=\"like_sc_header_1062505128\"><h2 class=\"header\">En <span> Peta K-9 <\/span><\/h2><\/div><div class=\"ltx-content-width col-align-left\" style=\"max-width: 630px\">[vc_column_text css=&#8221;.vc_custom_1672258358787{margin-bottom: 32px !important;}&#8221;]<strong>Nos enorgullece nuestro compromiso de brindar un servicio de primera calidad para la seguridad de hogares o empresas por medio de nuestros agentes caninos.<\/strong>[\/vc_column_text][vc_column_text]Nos especializamos en el adiestramiento y crianza de perros de seguridad, de igual manera, adiestramos a las mascotas en obediencia b\u00e1sica hasta la protecci\u00f3n m\u00e1s\u00a0 eficiente de acuerdo con sus capacidades.<\/p>\n<p>De la mano de nuestros instructores, formamos una academia de entrenamiento reconociendo el alto nivel de adiestramiento, gracias a esto, nuestros canes, son capaces de detectar cualquier tipo explosivo, arma, cuerpo o material.[\/vc_column_text]<\/div><div class=\"es-resp\">\t<div class=\"hidden-xl hidden-md hidden-sm hidden-ms hidden-xs\" style=\"height: 32px;\"><\/div>\t<div class=\"visible-md\" style=\"height: 32px;\"><\/div>\t<div class=\"visible-sm \" style=\"height: 16px;\"><\/div>\t<div class=\"visible-ms\" style=\"height: 16px;\"><\/div>\t<div class=\"visible-xs\" style=\"height: 16px;\"><\/div><\/div>[\/vc_column][vc_column width=&#8221;1\/2&#8243; offset=&#8221;vc_hidden-xs&#8221;]<div class=\"es-resp\">\t<div class=\"hidden-xl hidden-md hidden-sm hidden-ms hidden-xs\" style=\"height: 24px;\"><\/div>\t<div class=\"visible-md\" style=\"height: 24px;\"><\/div>\t<div class=\"visible-sm \" style=\"height: 32px;\"><\/div>\t<div class=\"visible-ms\" style=\"height: 32px;\"><\/div>\t<div class=\"visible-xs\" style=\"height: 32px;\"><\/div><\/div>[vc_single_image image=&#8221;4366&#8243; img_size=&#8221;full&#8221;]<div class=\"es-resp\">\t<div class=\"hidden-xl hidden-md hidden-sm hidden-ms hidden-xs\" style=\"height: 0px;\"><\/div>\t<div class=\"visible-md\" style=\"height: 0px;\"><\/div>\t<div class=\"visible-sm \" style=\"height: 32px;\"><\/div>\t<div class=\"visible-ms\" style=\"height: 32px;\"><\/div>\t<div class=\"visible-xs\" style=\"height: 32px;\"><\/div><\/div>[\/vc_column][vc_column][\/vc_column][\/vc_row][\/vc_section][vc_section full_width=&#8221;stretch_row&#8221;][vc_row][vc_column]<div class=\"heading  header-subheader align-center color-main transform-default heading-tag-h2\" id=\"like_sc_header_28267492\"><h2 class=\"header\">Servicios<\/h2><\/div><div class=\"ltx-content-width col-align-center\">[vc_column_text]<\/p>\n<div class=\"wpb_text_column wpb_content_element \">\n<div class=\"wpb_wrapper\">\n<p style=\"text-align: center\">Formamos caninos multiprop\u00f3sito y de asistencia para apoyo emocional y movilidad limitada, certificamos manejadores e instructores en diferentes especialidades, adem\u00e1s, contamos con servicios m\u00e9dicos veterinarios de primer nivel y pensi\u00f3n canina con instalaciones amplias y seguras,cumpliendo con los est\u00e1ndares de Bienestar Animal. Adem\u00e1s, contamos con venta de equipo, venta de alimento Premium y Super Premium, farmacia veterinaria, y un programa de Esterilizaciones de bajo costo, contribuyendo a reducir la problem\u00e1tica de abandono y animales en situaci\u00f3n de calle.<\/p>\n<\/div>\n<\/div>\n<p>[\/vc_column_text]<\/div><div class=\"es-resp\">\t<div class=\"hidden-xl hidden-md hidden-sm hidden-ms hidden-xs\" style=\"height: 0px;\"><\/div>\t<div class=\"visible-md\" style=\"height: 0px;\"><\/div>\t<div class=\"visible-sm \" style=\"height: 0px;\"><\/div>\t<div class=\"visible-ms\" style=\"height: 0px;\"><\/div>\t<div class=\"visible-xs\" style=\"height: 0px;\"><\/div><\/div><div class=\"services-sc  layout-default row\">\t\t<div class=\"col-lg-4 col-md-4 col-sm-6 \">\n\t\t\t<article id=\"post-3603\" class=\"post-3603 services type-services status-publish has-post-thumbnail hentry services-category-main\" data-mh=\"ltx-services\">\n\t\t\t\t<div class=\"photo img-shadow-plain\">\n\t\t\t\t\t<img width=\"778\" height=\"610\" src=\"https:\/\/petak9.com.mx\/wp-content\/uploads\/2018\/02\/foto_6-778x610.jpg\" class=\"attachment-rigardi-service size-rigardi-service\" alt=\"\" decoding=\"async\" loading=\"lazy\" \/>\t\t\t\t<\/div>\n\t\t\t\t<div class=\"description\">\n\t\t\t\t\t<div>\n\t\t\t\t\t<h5 class=\"header\"><span>Adiestramiento <\/span><span>personalizado<\/span><\/h5>\t\t\t\t\t<\/div>\n\t\t\t\t<\/div>\n\t\t\t\t<div class=\"description-hover\">\n\t\t\t\t\t<h5 class=\"header\">Adiestramiento personalizado<\/h5>\t\t\t\t<\/div>\t \t\t\t    \n\t\t\t<\/article>\n\t\t<\/div>\n\t\t\t\t<div class=\"col-lg-4 col-md-4 col-sm-6 \">\n\t\t\t<article id=\"post-1170\" class=\"post-1170 services type-services status-publish has-post-thumbnail hentry services-category-main\" data-mh=\"ltx-services\">\n\t\t\t\t<div class=\"photo img-shadow-plain\">\n\t\t\t\t\t<img width=\"778\" height=\"610\" src=\"https:\/\/petak9.com.mx\/wp-content\/uploads\/2018\/02\/foto_5-778x610.jpg\" class=\"attachment-rigardi-service size-rigardi-service\" alt=\"\" decoding=\"async\" loading=\"lazy\" \/>\t\t\t\t<\/div>\n\t\t\t\t<div class=\"description\">\n\t\t\t\t\t<div>\n\t\t\t\t\t<h5 class=\"header\"><span>Adiestramiento <\/span><span>en <\/span><span>seguridad <\/span><span>policial<\/span><\/h5>\t\t\t\t\t<\/div>\n\t\t\t\t<\/div>\n\t\t\t\t<div class=\"description-hover\">\n\t\t\t\t\t<h5 class=\"header\">Adiestramiento en seguridad policial<\/h5>\t\t\t\t<\/div>\t \t\t\t    \n\t\t\t<\/article>\n\t\t<\/div>\n\t\t\t\t<div class=\"col-lg-4 col-md-4 col-sm-6 \">\n\t\t\t<article id=\"post-1169\" class=\"post-1169 services type-services status-publish has-post-thumbnail hentry services-category-main\" data-mh=\"ltx-services\">\n\t\t\t\t<div class=\"photo img-shadow-plain\">\n\t\t\t\t\t<img width=\"778\" height=\"610\" src=\"https:\/\/petak9.com.mx\/wp-content\/uploads\/2017\/08\/foto_8-778x610.jpg\" class=\"attachment-rigardi-service size-rigardi-service\" alt=\"\" decoding=\"async\" loading=\"lazy\" \/>\t\t\t\t<\/div>\n\t\t\t\t<div class=\"description\">\n\t\t\t\t\t<div>\n\t\t\t\t\t<h5 class=\"header\"><span>Adiestramiento <\/span><span>en <\/span><span>seguridad <\/span><span>empresarial <\/span><span>y <\/span><span>privada<\/span><\/h5>\t\t\t\t\t<\/div>\n\t\t\t\t<\/div>\n\t\t\t\t<div class=\"description-hover\">\n\t\t\t\t\t<h5 class=\"header\">Adiestramiento en seguridad empresarial y privada<\/h5>\t\t\t\t<\/div>\t \t\t\t    \n\t\t\t<\/article>\n\t\t<\/div>\n\t\t\t\t<div class=\"col-lg-4 col-md-4 col-sm-6 \">\n\t\t\t<article id=\"post-1168\" class=\"post-1168 services type-services status-publish has-post-thumbnail hentry services-category-main\" data-mh=\"ltx-services\">\n\t\t\t\t<div class=\"photo img-shadow-plain\">\n\t\t\t\t\t<img width=\"778\" height=\"610\" src=\"https:\/\/petak9.com.mx\/wp-content\/uploads\/2017\/08\/foto_9-778x610.jpg\" class=\"attachment-rigardi-service size-rigardi-service\" alt=\"\" decoding=\"async\" loading=\"lazy\" \/>\t\t\t\t<\/div>\n\t\t\t\t<div class=\"description\">\n\t\t\t\t\t<div>\n\t\t\t\t\t<h5 class=\"header\"><span>Cursos <\/span><span>de <\/span><span>formaci\u00f3n <\/span><span>para <\/span><span>manejadores<\/span><\/h5>\t\t\t\t\t<\/div>\n\t\t\t\t<\/div>\n\t\t\t\t<div class=\"description-hover\">\n\t\t\t\t\t<h5 class=\"header\">Cursos de formaci\u00f3n para manejadores<\/h5>\t\t\t\t<\/div>\t \t\t\t    \n\t\t\t<\/article>\n\t\t<\/div>\n\t\t\t\t<div class=\"col-lg-4 col-md-4 col-sm-6 \">\n\t\t\t<article id=\"post-4067\" class=\"post-4067 services type-services status-publish has-post-thumbnail hentry services-category-main services-category-main-services\" data-mh=\"ltx-services\">\n\t\t\t\t<div class=\"photo img-shadow-plain\">\n\t\t\t\t\t<img width=\"778\" height=\"610\" src=\"https:\/\/petak9.com.mx\/wp-content\/uploads\/2017\/04\/servicios_veterinario-1-778x610.jpg\" class=\"attachment-rigardi-service size-rigardi-service\" alt=\"\" decoding=\"async\" loading=\"lazy\" \/>\t\t\t\t<\/div>\n\t\t\t\t<div class=\"description\">\n\t\t\t\t\t<div>\n\t\t\t\t\t<h5 class=\"header\"><span>M\u00e9dico <\/span><span>veterinario<\/span><\/h5>\t\t\t\t\t<\/div>\n\t\t\t\t<\/div>\n\t\t\t\t<div class=\"description-hover\">\n\t\t\t\t\t<h5 class=\"header\">M\u00e9dico veterinario<\/h5>\t\t\t\t<\/div>\t \t\t\t    \n\t\t\t<\/article>\n\t\t<\/div>\n\t\t\t\t<div class=\"col-lg-4 col-md-4 col-sm-6 \">\n\t\t\t<article id=\"post-4068\" class=\"post-4068 services type-services status-publish has-post-thumbnail hentry services-category-main\" data-mh=\"ltx-services\">\n\t\t\t\t<div class=\"photo img-shadow-plain\">\n\t\t\t\t\t<img width=\"778\" height=\"610\" src=\"https:\/\/petak9.com.mx\/wp-content\/uploads\/2017\/04\/foto_10-778x610.jpg\" class=\"attachment-rigardi-service size-rigardi-service\" alt=\"\" decoding=\"async\" loading=\"lazy\" \/>\t\t\t\t<\/div>\n\t\t\t\t<div class=\"description\">\n\t\t\t\t\t<div>\n\t\t\t\t\t<h5 class=\"header\"><span>Curso <\/span><span>de <\/span><span>formaci\u00f3n <\/span><span>para <\/span><span>entrenadores<\/span><\/h5>\t\t\t\t\t<\/div>\n\t\t\t\t<\/div>\n\t\t\t\t<div class=\"description-hover\">\n\t\t\t\t\t<h5 class=\"header\">Curso de formaci\u00f3n para entrenadores<\/h5>\t\t\t\t<\/div>\t \t\t\t    \n\t\t\t<\/article>\n\t\t<\/div>\n\t\t<\/div><div class=\"es-resp\">\t<div class=\"hidden-xl hidden-md hidden-sm hidden-ms hidden-xs\" style=\"height: 6px;\"><\/div>\t<div class=\"visible-md\" style=\"height: 6px;\"><\/div>\t<div class=\"visible-sm \" style=\"height: 6px;\"><\/div>\t<div class=\"visible-ms\" style=\"height: 0px;\"><\/div>\t<div class=\"visible-xs\" style=\"height: 0px;\"><\/div><\/div>[\/vc_column][\/vc_row][\/vc_section][vc_section full_width=&#8221;stretch_row&#8221; bg_color_select=&#8221;black&#8221; bg_pos=&#8221;right-center&#8221; text_align=&#8221;center-sm-ms&#8221; el_class=&#8221;ltx-photo-bg&#8221;][vc_row bg_pos=&#8221;right-center&#8221; css=&#8221;.vc_custom_1672253663420{background-image: url(http:\/\/petak9.com.mx\/wp-content\/uploads\/2022\/12\/PETA-K9-BANNER-15-1.jpg?id=4506) !important;}&#8221;][vc_column bg_pos=&#8221;left-center&#8221; css=&#8221;.vc_custom_1522880703464{background-image: url(http:\/\/petak9.com.mx\/wp-content\/uploads\/2018\/04\/family-bg.png?id=4107) !important;}&#8221; el_class=&#8221;ltx-shield-bg&#8221;]<div class=\"heading  default color-main transform-default   vc_custom_1672253682261 heading-tag-h3\" id=\"like_sc_header_1227304157\"><h3 class=\"header\">TENEMOS EL<\/h3><\/div><div class=\"heading  heading-large default color-white transform-default   vc_custom_1672253715706 heading-tag-h3\" id=\"like_sc_header_1795353864\"><h3 class=\"header\">MEJOR EQUIPO<\/h3><\/div><div class=\"es-resp\">\t<div class=\"hidden-xl hidden-md hidden-sm hidden-ms hidden-xs\" style=\"height: 16px;\"><\/div>\t<div class=\"visible-md\" style=\"height: 16px;\"><\/div>\t<div class=\"visible-sm \" style=\"height: 16px;\"><\/div>\t<div class=\"visible-ms\" style=\"height: 16px;\"><\/div>\t<div class=\"visible-xs\" style=\"height: 16px;\"><\/div><\/div><div class=\"ltx-content-width col-align-left\" style=\"max-width: 500px\">[vc_column_text]Cada uno de nuestros entrenadores cuentan con certificaciones y amplia experiencia en el adiestramiento canino, han participado en competencias obteniendo t\u00edtulos de la Federaci\u00f3n Can\u00f3fila.[\/vc_column_text]<\/div><div class=\"es-resp\">\t<div class=\"hidden-xl hidden-md hidden-sm hidden-ms hidden-xs\" style=\"height: 48px;\"><\/div>\t<div class=\"visible-md\" style=\"height: 48px;\"><\/div>\t<div class=\"visible-sm \" style=\"height: 48px;\"><\/div>\t<div class=\"visible-ms\" style=\"height: 48px;\"><\/div>\t<div class=\"visible-xs\" style=\"height: 48px;\"><\/div><\/div><div class=\"es-resp\">\t<div class=\"hidden-xl hidden-md hidden-sm hidden-ms hidden-xs\" style=\"height: 180px;\"><\/div>\t<div class=\"visible-md\" style=\"height: 180px;\"><\/div>\t<div class=\"visible-sm \" style=\"height: 90px;\"><\/div>\t<div class=\"visible-ms\" style=\"height: 90px;\"><\/div>\t<div class=\"visible-xs\" style=\"height: 90px;\"><\/div><\/div>[\/vc_column][\/vc_row][\/vc_section]<\/p>\n<\/section>","protected":false},"excerpt":{"rendered":"<p>[vc_row full_width=&#8221;stretch_row_content_no_spaces&#8221; text_align=&#8221;center&#8221;][vc_column][vc_empty_space][\/vc_column][\/vc_row][vc_section bg_color_select=&#8221;white&#8221; text_align=&#8221;center&#8221; theme_section=&#8221;slider-icons&#8221;][vc_row][vc_column width=&#8221;1\/5&#8243;][vc_single_image image=&#8221;4370&#8243; alignment=&#8221;center&#8221; img_shadow=&#8221;none&#8221;][vc_column_text] Nuestros servicios [\/vc_column_text][\/vc_column][vc_column width=&#8221;1\/5&#8243;][vc_single_image image=&#8221;4371&#8243; alignment=&#8221;center&#8221; img_shadow=&#8221;none&#8221;][vc_column_text] Venta de perros de seguridad \u00a0[\/vc_column_text][\/vc_column][vc_column width=&#8221;1\/5&#8243;][vc_single_image image=&#8221;4373&#8243; alignment=&#8221;center&#8221; img_shadow=&#8221;none&#8221;][vc_column_text] Adiestramiento [\/vc_column_text][\/vc_column][vc_column width=&#8221;1\/5&#8243;][vc_single_image [&hellip;]<\/p>\n","protected":false},"author":1,"featured_media":0,"parent":0,"menu_order":0,"comment_status":"closed","ping_status":"closed","template":"","meta":{"om_disable_all_campaigns":false,"_monsterinsights_skip_tracking":false,"_monsterinsights_sitenote_active":false,"_monsterinsights_sitenote_note":"","_monsterinsights_sitenote_category":0},"aioseo_notices":[],"_links":{"self":[{"href":"https:\/\/petak9.com.mx\/index.php?rest_route=\/wp\/v2\/pages\/2462"}],"collection":[{"href":"https:\/\/petak9.com.mx\/index.php?rest_route=\/wp\/v2\/pages"}],"about":[{"href":"https:\/\/petak9.com.mx\/index.php?rest_route=\/wp\/v2\/types\/page"}],"author":[{"embeddable":true,"href":"https:\/\/petak9.com.mx\/index.php?rest_route=\/wp\/v2\/users\/1"}],"replies":[{"embeddable":true,"href":"https:\/\/petak9.com.mx\/index.php?rest_route=%2Fwp%2Fv2%2Fcomments&post=2462"}],"version-history":[{"count":45,"href":"https:\/\/petak9.com.mx\/index.php?rest_route=\/wp\/v2\/pages\/2462\/revisions"}],"predecessor-version":[{"id":4640,"href":"https:\/\/petak9.com.mx\/index.php?rest_route=\/wp\/v2\/pages\/2462\/revisions\/4640"}],"wp:attachment":[{"href":"https:\/\/petak9.com.mx\/index.php?rest_route=%2Fwp%2Fv2%2Fmedia&parent=2462"}],"curies":[{"name":"wp","href":"https:\/\/api.w.org\/{rel}","templated":true}]}}